3*k + 2*n + 88. What are the prime factors of 8/k - 117/(-4)?
29
List the prime factors of ((-9)/(-3 + 6))/((-6)/140).
2, 5, 7
Let o = -6 + 11. Suppose -87 = -5*l + z - 9, -5*l - o*z + 60 = 0. List the prime factors of l.
3, 5
Let r(x) = -7 + 3*x**3 - 11 - 4*x**3 + 10*x**2 + 2*x + 4. List the prime factors of r(10).
2, 3
Let x = 90 + -63. What are the prime factors of x?
3
Let q be 135/6 + (-1)/(-2). Suppose -5*z - s = -z - q, -46 = -3*z + 5*s. Suppose 18 = 5*m - z. List the prime factors of m.
5
Suppose -4*j - 9 = k, -11 = -3*k - 3*j - 2. Suppose z + 2 - k = 0. What are the prime factors of z?
5
Let h(m) = m**3 - 3*m**2 - 4*m. Let d be h(4). Suppose -5*v + 39 + 26 = d. List the prime factors of v.
13
Let c(q) = 4*q - 25. List the prime factors of c(12).
23
Suppose -20*x + 1770 = -4310. What are the prime factors of x?
2, 19
Suppose -94 = -9*t + 707. List the prime factors of t.
89
List the prime factors of 6*-8*(-3)/6.
2, 3
What are the prime factors of 2/(-6)*(-1962)/6?
109
Let i = 40 + -21. What are the prime factors of i?
19
Let k(m) = -2*m - 7. What are the prime factors of k(-6)?
5
Let w be -39*(21/9 + -2). Let o = w - -21. What are the prime factors of o?
2
Let o(d) = -11*d. Suppose 5 = -3*n - 1. Let u be n*(-3)/(-6) + 0. List the prime factors of o(u).
11
Let d = -17 - -6. Let n be 75/6*(-6)/(-5). Let i = n + d. List the prime factors of i.
2
Let z = 40 + 8. Let f = -9 - -3. What are the prime factors of f/10 - z/(-5)?
3
Let p(b) = b**3 - 3*b**2 + b + 222. List the prime factors of p(0).
2, 3, 37
Suppose x - 4*x - 24 = 0. Suppose -5*k - 4*c - 49 + 14 = 0, -49 = 4*k - c. Let j = x - k. List the prime factors of j.
3
Let a(d) = -d**3 - 3*d**2 + d + 2. Let g = 3 - 8. Let k be a(g). Suppose -2*b + 4*z = 2*b - 44, -z = -5*b + k. List the prime factors of b.
3
Suppose -3*f - 12 = 0, -t + 3*f = -3*t + 112. List the prime factors of t.
2, 31
Suppose -4*g + 3*s - 4 = 0, -5*g - 4 = -g - 5*s. Let i be (0 - -2) + (-2 - -1). List the prime factors of (i - (-10 - 1)) + g.
11
Let d(b) = -2 - b + 49*b**2 + 0 - 41*b**2. List the prime factors of d(2).
2, 7
Suppose 121 = 4*p + s + 10, -2*s - 21 = -p. List the prime factors of p.
3
Let h(k) = 16*k - 16. Let g(u) = 3*u - 3. Let d(t) = -11*g(t) + 2*h(t). Let b be d(-8). Suppose m - b = 1. List the prime factors of m.
2, 5
Let a = 20 - -23. What are the prime factors of a?
43
Let n be 0 + 5 + (-1 - 2). Let v be (-3)/n - 217/(-14). Let a = v + -3. What are the prime factors of a?
11
Let d = -1 + 5. Suppose 0*h - 28 = -d*h. Suppose 3*p + h = 43. List the prime factors of p.
2, 3
Let g(n) = n**3 - 2*n**2 - 2*n + 2. Let y be g(3). Suppose 4*i = -3*v - 10, -y*v + 25 = -5*i - 5. Suppose -k + 18 - v = 0. List the prime factors of k.
2
Let u = 2 - 2. Let d(x) = x**2 - 4*x**2 + 2*x**2 + x + 2. List the prime factors of d(u).
2
Let t(y) = y**3 - 13*y**2 + 8*y + 29. What are the prime factors of t(13)?
7, 19
Suppose -2*i - 3*k + 469 = 0, -i + 169 = -4*k - 38. List the prime factors of i.
227
Let h be -3 - (3 + -4 + -2). Let z(i) = i**3 - i + 15. What are the prime factors of z(h)?
3, 5
Suppose 2 - 6 = 4*q, 4*u = 5*q + 749. List the prime factors of u.
2, 3, 31
Suppose 5*a = 3*m - 16 - 170, m + 4*a = 62. Suppose -2*j + 0*j + m = 0. What are the prime factors of j?
31
Let y(w) = w**3 + 10*w**2 + 16. List the prime factors of y(-9).
97
Let g(s) = 8*s**3 - 5*s**2 + 4*s - 4. List the prime factors of g(3).
179
Let z be 1/4 + (-3)/12. Let p = -3 - z. Let o = p - -7. List the prime factors of o.
2
Let d(m) = 5*m**2 + 6*m - 4. Let a(s) = 6*s**2 + 7*s - 3. Let j(r) = 4*a(r) - 5*d(r). What are the prime factors of j(0)?
2
Suppose y - 30 = -y. Suppose 5*k = 3*d - 44, 3*k - 6*k - d - 32 = 0. Let u = y + k. List the prime factors of u.
5
Suppose 0 = -t + 6*t - 15. Suppose t*w - 20 = 22. What are the prime factors of w?
2, 7
Let h(p) be the second derivative of -3/2*p**2 - 1/2*p**4 - 7/6*p**3 - 1/20*p**5 + 0 + 2*p. What are the prime factors of h(-5)?
7
Let l(d) = 57*d - 56. What are the prime factors of l(8)?
2, 5
List the prime factors of ((-122)/4)/((-5)/10).
61
Let x(h) = h - 6. Let m be x(8). Suppose -u - 1 = -2*u - m*i, -5*i = u + 5. Let b = 9 - u. What are the prime factors of b?
2
Let f = 689 - 490. What are the prime factors of f?
199
Let x(o) be the first derivative of -1 + 1/2*o**2 - o. What are the prime factors of x(4)?
3
Suppose 33 = 4*b - 35. Let s = -3 + b. List the prime factors of s.
2, 7
Suppose 5*r = -8*z + 4*z + 258, 5*z = -15. List the prime factors of r.
2, 3
Suppose 3 - 19 = 4*s, 0 = 4*h + 4*s - 1204. List the prime factors of h.
5, 61
Let i = 87 - 46. What are the prime factors of i?
41
Suppose 364 = v + 3*v. List the prime factors of v.
7, 13
Let c(o) = -o**3 + 3*o**2 + 3*o + 1. Let n = -2 - -6. Let l be c(n). What are the prime factors of ((-8)/(-6))/(l/(-27))?
2, 3
Let u(x) = 3*x**3 + 17*x**2 - 2*x + 2. Let m(p) = 4*p**3 + 25*p**2 - 3*p + 3. Let q(z) = -5*m(z) + 7*u(z). Let k be q(6). List the prime factors of 8/k*15/6.
2
Suppose -4*n + 12 = -2*s - 2*s, -5*n + 7 = 3*s. Let j = s + 3. Suppose 3*t + 42 = 5*i, t = -j*i + 2*t + 16. List the prime factors of i.
2, 3
Let v = 4 + 1. Suppose o - 2*x = 16, 3*o - 7*o - v*x = -129. What are the prime factors of o?
2, 13
Suppose -b + 28 = -5*o, 0 = 5*b + 4*o + 5. Suppose -b*j + 1 = -8. Suppose 3*h - 7*h = 0, -j*h = m - 8. What are the prime factors of m?
2
Let s(k) = -8*k - 7. Let b = -6 + 4. What are the prime factors of s(b)?
3
Let s be ((-2)/4)/((-3)/24). Suppose -3*q = u - 32, -s*u = -4 - 16. List the prime factors of q.
3
Let h = 309 - 182. List the prime factors of h.
127
Suppose 4*h = -4*i - 8, 0 = -h + i - 2 - 0. List the prime factors of ((-84)/30)/(h/10).
2, 7
Let u be -3 - (3 + -4 - -1). List the prime factors of 3 + (12 - (u - -5)).
13
Suppose b - c + 5 = 2, -c - 3 = -4*b. Let k be (-1)/(b/(-4)) - -18. List the prime factors of 24/(-10)*k/(-6).
2
Let n(c) = 9 + 0*c**2 - c**2 + 6*c - 7*c. Let u = -4 - -4. What are the prime factors of n(u)?
3
Let z(u) = u**2 + 3*u - 3. What are the prime factors of z(5)?
37
Let z = 14 + -26. Let n = z - -60. Suppose 3*p - n = -p. List the prime factors of p.
2, 3
Suppose 8*i = 11*i - 42. List the prime factors of i.
2, 7
Let g be 1/2*(8 - 0). Let r be (-178)/(-6) - 2/3. Suppose 4*u - r = -3*d + 3*u, -35 = -3*d - g*u. List the prime factors of d.
3
Suppose -4*n - 6 - 2 = 0. What are the prime factors of -18*n/(-12)*-2?
2, 3
Let t(q) = q**3 - 8*q**2 - 15*q + 17. What are the prime factors of t(10)?
67
List the prime factors of (-1)/(-5) - (-1836)/45.
41
Let l(v) = v**2 - 2*v + 1. Let y be l(-3). Let x = y - 12. What are the prime factors of x?
2
Suppose 4 - 1 = -z. Let i be ((-2)/(-4) - -1)*4. Let b = i + z. List the prime factors of b.
3
Let x = -10 - -23. List the prime factors of x.
13
Let r = 70 - 48. What are the prime factors of r?
2, 11
Let f = 61 - 88. Let u = 39 + f. List the prime factors of u.
2, 3
Suppose -j + 38 = -4. List the prime factors of j.
2, 3, 7
Let a(s) = -41*s. What are the prime factors of a(-1)?
41
Suppose 4*q - 1 = -9. What are the prime factors of (q/(-6))/((-1)/(-9))?
3
Let p(n) = -3*n + 4*n - 4 + 2 + 0*n. What are the prime factors of p(4)?
2
Let v = 54 + -19. What are the prime factors of v?
5, 7
Suppose -4*m + 3*o = 0, 6*o - o = -5*m - 35. Let k = -1 - m. List the prime factors of (8/6)/(k/3).
2
Suppose 2*m + 39 = 189. List the prime factors of m.
3, 5
Suppose -2*d = 4 - 2. List the prime factors of 1 + 4 - (-3)/d.
2
Let q(m) = 2*m**2 + 6*m - 8 + 3*m - 3*m**2. Let z be q(7). What are the prime factors of (z/(-2))/(6/(-32))?
2
Let u(v) be the third derivative of -v**4/24 + 5*v**3/6 - 2*v**2. Let d be u(5). Suppose d*c + 15 = 3*c. What are the prime factors of c?
5
Let t be (1/3)/((-2)/6). Let l(x) = 13*x**2. List the prime factors of l(t).
13
What are the prime factors of 2/5 - (-1467)/45?
3, 11
Let v be 1 + -1 + 3 + -3. Suppose 6 = c - 3*m, 17 + v = 4*c - 5*m. List the prime factors of c.
3
Suppose -3*f + 5 = 5*w + 35, -f + 4*w + 7 = 0. Let r(d) = -3*d - 3. What are the prime factors of r(f)?
2, 3
Suppose -4*b - 5*l = -121 - 24, -3*l = b - 38. Let o = -21 + b. What are the prime factors of o?
2, 7
Let n(g) = -19*g - 20. List the prime factors of n(-15).
5, 53
Let f(a) = a**3 + 6*a**2 + 2